 thousands digit of 26241828?
4
What is the thousands digit of 1282594862?
4
What is the ten millions digit of 337747683?
3
What is the hundred thousands digit of 2977194719?
1
What is the ten millions digit of 185781981?
8
What is the units digit of 4173893?
3
What is the hundreds digit of 40245349?
3
What is the ten thousands digit of 917093631?
9
What is the millions digit of 48426355?
8
What is the tens digit of 886115861?
6
What is the hundred thousands digit of 49680071?
6
What is the hundreds digit of 139447723?
7
What is the millions digit of 363826007?
3
What is the tens digit of 6441147424?
2
What is the hundred millions digit of 1024595614?
0
What is the units digit of 8258614283?
3
What is the tens digit of 67523183?
8
What is the millions digit of 241965392?
1
What is the hundreds digit of 86596365?
3
What is the hundreds digit of 486785217?
2
What is the hundreds digit of 132702327?
3
What is the tens digit of 942947382?
8
What is the thousands digit of 57841446?
1
What is the units digit of 36508538?
8
What is the hundred millions digit of 532692076?
5
What is the hundred thousands digit of 97917134?
9
What is the hundreds digit of 126781635?
6
What is the ten millions digit of 804282069?
0
What is the ten thousands digit of 3993140691?
4
What is the hundred thousands digit of 202782264?
7
What is the millions digit of 375230839?
5
What is the units digit of 464089571?
1
What is the thousands digit of 46270039?
0
What is the hundred millions digit of 2521412965?
5
What is the hundred millions digit of 100751108?
1
What is the billions digit of 4500290915?
4
What is the ten thousands digit of 1201171667?
7
What is the thousands digit of 111251807?
1
What is the hundred thousands digit of 47834443?
8
What is the hundreds digit of 430166466?
4
What is the tens digit of 2273739840?
4
What is the hundreds digit of 556272186?
1
What is the millions digit of 30873489?
0
What is the tens digit of 6855810262?
6
What is the thousands digit of 203246362?
6
What is the millions digit of 2900703449?
0
What is the units digit of 428200499?
9
What is the thousands digit of 1702047829?
7
What is the ten millions digit of 188439910?
8
What is the hundreds digit of 129085047?
0
What is the millions digit of 1921234170?
1
What is the hundreds digit of 1925182633?
6
What is the units digit of 4257941?
1
What is the hundreds digit of 2705853972?
9
What is the ten thousands digit of 436771722?
7
What is the millions digit of 1750944106?
0
What is the ten millions digit of 13127597?
1
What is the hundred thousands digit of 384716821?
7
What is the hundred thousands digit of 1595482719?
4
What is the hundred thousands digit of 1599331000?
3
What is the hundred thousands digit of 2308864447?
8
What is the hundreds digit of 98743164?
1
What is the ten thousands digit of 924167237?
6
What is the thousands digit of 1344261434?
1
What is the thousands digit of 547692985?
2
What is the millions digit of 768482400?
8
What is the thousands digit of 157340796?
0
What is the ten thousands digit of 899560722?
6
What is the hundreds digit of 1452255407?
4
What is the millions digit of 191608705?
1
What is the ten thousands digit of 25773000?
7
What is the tens digit of 14030737?
3
What is the ten millions digit of 568936769?
6
What is the hundreds digit of 978385953?
9
What is the ten thousands digit of 81364558?
6
What is the tens digit of 250990888?
8
What is the tens digit of 245319346?
4
What is the hundreds digit of 935530?
5
What is the units digit of 78936811?
1
What is the hundreds digit of 223578803?
8
What is the tens digit of 59881714?
1
What is the ten millions digit of 338597903?
3
What is the ten millions digit of 3092330868?
9
What is the thousands digit of 217020119?
0
What is the ten thousands digit of 3525329983?
2
What is the tens digit of 4759758?
5
What is the hundred thousands digit of 2928489481?
4
What is the units digit of 197870756?
6
What is the ten thousands digit of 8488604327?
0
What is the hundred millions digit of 1347256999?
3
What is the hundred millions digit of 953188676?
9
What is the hundred millions digit of 1779149565?
7
What is the ten thousands digit of 298126475?
2
What is the hundreds digit of 94496725?
7
What is the ten thousands digit of 141985966?
8
What is the thousands digit of 66275935?
5
What is the billions digit of 1787431741?
1
What is the tens digit of 729440774?
7
What is the units digit of 2419414291?
1
What is the hundred thousands digit of 140163836?
1
What is the hundreds digit of 4077418150?
1
What is the units digit of 688539711?
1
What is the ten thousands digit of 3063097757?
9
What is the hundred millions digit of 1863007598?
8
What is the ten millions digit of 70726135?
7
What is the tens digit of 1253061961?
6
What is the ten millions digit of 3244662725?
4
What is the hundreds digit of 99234517?
5
What is the units digit of 14544905?
5
What is the ten millions digit of 17598866?
1
What is the units digit of 149971220?
0
What is the ten millions digit of 38516619?
3
What is the ten thousands digit of 6537231233?
3
What is the hundred thousands digit of 26591575?
5
What is the thousands digit of 950851385?
1
What is the hundreds digit of 310311063?
0
What is the hundred millions digit of 1465953186?
4
What is the hundreds digit of 763257071?
0
What is the hundred millions digit of 195768938?
1
What is the tens digit of 612014571?
7
What is the ten thousands digit of 52631786?
3
What is the tens digit of 319791772?
7
What is the ten millions digit of 34235130?
3
What is the ten thousands digit of 4966019754?
1
What is the hundreds digit of 42760480?
4
What is the hundreds digit of 5018567?
5
What is the millions digit of 110775813?
0
What is the millions digit of 54306771?
4
What is the hundred millions digit of 128391385?
1
What is the millions digit of 37093765?
7
What is the hundreds digit of 1332249?
2
What is the hundreds digit of 71187455?
4
What is the millions digit of 1950949348?
0
What is the tens digit of 41673127?
2
What is the units digit of 1088288903?
3
What is the hundred millions digit of 1503131271?
5
What is the ten thousands digit of 7692788887?
8
What is the millions digit of 16054525?
6
What is the millions digit of 37995952?
7
What is the millions digit of 104850043?
4
What is the tens digit of 4001140574?
7
What is the hundred millions digit of 107277759?
1
What is the ten millions digit of 32289726?
3
What is the tens digit of 148093541?
4
What is the hundred thousands digit of 8527296?
5
What is the ten thousands digit of 2128129254?
2
What is the hundred millions digit of 229292740?
2
What is the billions digit of 6277074278?
6
What is the tens digit of 366447210?
1
What is the ten thousands digit of 1420234133?
3
What is the hundred thousands digit of 57050403?
0
What is the thousands digit of 256839090?
9
What is the hundreds digit of 23512327?
3
What is the hundred millions digit of 358333595?
3
What is the hundreds digit of 148281899?
8
What is the tens digit of 1375533961?
6
What is the thousands digit of 114926583?
6
What is the tens digit of 698618548?
4
What is the ten millions digit of 343058846?
4
What is the ten millions digit of 78876567?
7
What is the hundred millions digit of 291653464?
2
What is the units digit of 374021774?
4
What is the hundreds digit of 1556222556?
5
What is the hundred thousands digit of 77726205?
7
What is the ten millions digit of 3846781804?
4
What is the thousands digit of 629348891?
8
What is the hundred thousands digit of 589097718?
0
What is the thousands digit of 47876480?
6
What is the hundred thousands digit of 320082171?
0
What is the tens digit of 1565245939?
3
What is the ten millions digit of 93004560?
9
What is the units digit of 326038873?
3
What is the ten thousands digit of 108539746?
3
What is the tens digit of 2673470110?
1
What is the hundred thousands digit of 24443467?
4
What is the tens digit of 2775594970?
7
What is the tens digit of 32547802?
0
What is the ten millions digit of 24035599?
2
What is the ten thousands digit of 419212346?
1
What is the ten thousands digit of 138815519?
1
What is the millions digit of 1356196289?
6
What is the ten thousands digit of 522193252?
9
What is the hundred millions digit